{"id":37,"date":"2023-02-03T14:30:39","date_gmt":"2023-02-03T14:30:39","guid":{"rendered":"https:\/\/talisman.m-psi.fr\/?page_id=37"},"modified":"2023-02-03T14:38:20","modified_gmt":"2023-02-03T14:38:20","slug":"members","status":"publish","type":"page","link":"https:\/\/talisman.m-psi.fr\/index.php\/members\/","title":{"rendered":"Members"},"content":{"rendered":"<h2>LaRAC<\/h2>\n<ul>\n<li>Philippe Dessus (resp.)<\/li>\n<li>Salom\u00e9 Cojean<\/li>\n<li>Vassiliki Markaki<\/li>\n<li>Romain Laurent<\/li>\n<li>Laurent Lardy<\/li>\n<\/ul>\n<h2>LIG<\/h2>\n<ul>\n<li>Dominique Vaufreydaz (coord.)<\/li>\n<li>Fiorella Albasini<\/li>\n<li>\u00c9ric Castelli<\/li>\n<li>Francis Jambon<\/li>\n<li>Vincent Lestideau<\/li>\n<\/ul>\n<h2>LJK<\/h2>\n<ul>\n<li>Fr\u00e9d\u00e9rique Letu\u00e9 (resp.)<\/li>\n<li>Jean-Charles Quinton<\/li>\n<li>Marie-Jos\u00e9 Martinez<\/li>\n<\/ul>\n<h2>Techn\u00e9<\/h2>\n<ul>\n<li>Christine Michel (resp.)<\/li>\n<li>Jean-Fran\u00e7ois Cerisier<\/li>\n<li>Hassina El Kechai<\/li>\n<li>Aur\u00e9lien Nguyen<\/li>\n<li>\u00c9milie Besneville<\/li>\n<\/ul>\n","protected":false},"excerpt":{"rendered":"<p>LaRAC Philippe Dessus (resp.) Salom\u00e9 Cojean Vassiliki Markaki Romain Laurent Laurent Lardy LIG Dominique Vaufreydaz (coord.) Fiorella Albasini \u00c9ric Castelli Francis Jambon Vincent Lestideau LJK Fr\u00e9d\u00e9rique Letu\u00e9 (resp.) Jean-Charles Quinton Marie-Jos\u00e9 Martinez Techn\u00e9 Christine Michel (resp.) Jean-Fran\u00e7ois Cerisier Hassina El Kechai Aur\u00e9lien Nguyen \u00c9milie Besneville<\/p>\n<p> <a class=\"continue-reading-link\" href=\"https:\/\/talisman.m-psi.fr\/index.php\/members\/\"><span>Continue reading<\/span><i class=\"crycon-right-dir\"><\/i><\/a> <\/p>\n","protected":false},"author":1,"featured_media":0,"parent":0,"menu_order":0,"comment_status":"closed","ping_status":"closed","template":"","meta":{"inline_featured_image":false,"footnotes":""},"class_list":["post-37","page","type-page","status-publish","hentry"],"_links":{"self":[{"href":"https:\/\/talisman.m-psi.fr\/index.php\/wp-json\/wp\/v2\/pages\/37","targetHints":{"allow":["GET"]}}],"collection":[{"href":"https:\/\/talisman.m-psi.fr\/index.php\/wp-json\/wp\/v2\/pages"}],"about":[{"href":"https:\/\/talisman.m-psi.fr\/index.php\/wp-json\/wp\/v2\/types\/page"}],"author":[{"embeddable":true,"href":"https:\/\/talisman.m-psi.fr\/index.php\/wp-json\/wp\/v2\/users\/1"}],"replies":[{"embeddable":true,"href":"https:\/\/talisman.m-psi.fr\/index.php\/wp-json\/wp\/v2\/comments?post=37"}],"version-history":[{"count":9,"href":"https:\/\/talisman.m-psi.fr\/index.php\/wp-json\/wp\/v2\/pages\/37\/revisions"}],"predecessor-version":[{"id":49,"href":"https:\/\/talisman.m-psi.fr\/index.php\/wp-json\/wp\/v2\/pages\/37\/revisions\/49"}],"wp:attachment":[{"href":"https:\/\/talisman.m-psi.fr\/index.php\/wp-json\/wp\/v2\/media?parent=37"}],"curies":[{"name":"wp","href":"https:\/\/api.w.org\/{rel}","templated":true}]}}